*3 + 6*c**2 - 4*c + 3. Calculate m(k).
18
Let x be (14/6)/(196/(-84)). Let o(g) = -9*g - 2. Give o(x).
7
Let g(w) = 195203 + 7*w - 195209 + 15*w - 5*w. Give g(10).
164
Let p(u) = 3*u**3 - 13*u**2 - 14*u + 17. Let x(z) = -17*z**3 + 65*z**2 + 71*z - 90. Let m(q) = -11*p(q) - 2*x(q). Determine m(-12).
-7
Let f(v) = 3*v**3 + 17*v**2 - 15*v + 19. Let b(x) = 11*x**3 + 52*x**2 - 44*x + 57. Let a(h) = 2*b(h) - 7*f(h). Give a(14).
23
Let h(w) = w**3 - 9*w**2 - w + 8. Suppose 5*r - 249 - 1451 = 5*s, 3*s = 5*r - 1696. Suppose 7*b - r = -44. Suppose b*n = 38*n + 36. Determine h(n).
-1
Let t(p) = -55*p - 3. Let s(z) = -104*z - 5. Let q(r) = -6*s(r) + 11*t(r). Give q(-3).
-60
Let v(b) = 49*b - 143. Let q(f) = 25*f - 72. Let s(d) = -5*q(d) + 3*v(d). Let h be s(3). Let r(c) = c + 2. Calculate r(h).
-1
Suppose 16*g - 21*g = -1025. Let v be g/10 + 20/(-8). Suppose -v*i = -20*i - 16. Let f(t) = t**3 + 9*t**2 + 9*t + 10. Determine f(i).
2
Let s(z) = 10*z + 1180. Let i be s(-117). Let c(w) = 7*w**2 - 74*w + 20. Determine c(i).
-20
Suppose 8*s - 237 = 4331. Let o = s + -559. Let r(i) = i**3 - 11*i**2 - 11*i - 6. Determine r(o).
6
Suppose 3*b - 4*b + 3 = 0, 5*s - 5*b = -5. Let n(w) = -2*w**3 + 8*w**s + w**3 - 51 + 10*w + 45. Let a be (-9)/(-2)*(-4 + 6). What is n(a)?
3
Let r(q) = q**2 + 12*q + 12. Suppose 10*x = -7*x + 2006. Suppose -126*u + x*u = 96. What is r(u)?
12
Let b = -441 - -443. Let h(f) = 29*f**2 - 3 - 8*f**b + 1 - f**3 - 13*f**2 + 10*f + 4. Calculate h(9).
11
Let x = -45304 - -45306. Let y(s) be the second derivative of -7*s + 7/2*s**x - 1/6*s**3 - 4. Determine y(10).
-3
Let o(a) = a - 1. Let v = -60 + 147. Suppose -26*r + 1917 = -241. Let m = v - r. Calculate o(m).
3
Let z(c) = c**2 - c - 18. Let v be 6*(-5 - -23)*(-10)/(-135). What is z(v)?
38
Let m(a) = 3*a**2 + a + 3. Suppose 5*u + 135 - 145 = -5*d, -2*u = -3*d - 14. Determine m(u).
55
Let t = -237 - -237. Suppose y - 3*l + 21 = t, l + 19 = -3*y - y. Let q(o) = o**3 + 4*o**2 - 7*o + 4. Give q(y).
-26
Let c(k) = -5*k + 29. Let m be c(5). Let r(f) = -62*f + m + 2 + 61*f. Suppose 3*d + 5 = 5*l + 48, 0 = 5*d + 4*l - 10. Determine r(d).
0
Let x(k) = 6*k - 84. Let w be x(13). Suppose 2*s = 4*h + s - 32, 2*h - 30 = 4*s. Let p(u) = 3 - h + u**2 + 6 + 4*u. Give p(w).
14
Suppose -4 = -75*d + 74*d. Suppose 4*n - w = 21, -39 + 15 = -2*n - d*w. Suppose 8 - 14 = -n*s. Let l(g) = -8*g**3 + g**2 - g + 1. What is l(s)?
-7
Let s(t) = t**3 - t**2 - t + 5. Let d = 43 - 118. Suppose -a = 4*a - 10, 383 = -5*b + 4*a. Let p = d - b. Determine s(p).
5
Let c(f) = f + 11. Let h(p) = p + 2. Let y be h(-6). Let q be c(y). Suppose 2*k - q*k + 30 = 0. Let v(g) = -g**2 + 7*g - 7. What is v(k)?
-1
Let b = 67 + -61. Let q be 8 + -1 + b + -1. Suppose -7*l - q = -5*l. Let h(d) = -d - 4. Determine h(l).
2
Let n(d) = -d - 8. Let w be n(-9). Let u = 6 + w. Let p be 37*u/42 + (-1)/6. Let b(a) = a**2 - 7*a + 1. What is b(p)?
-5
Let s(x) be the third derivative of 1/24*x**4 - 4*x**2 + 0 - 2/3*x**3 + 0*x. Determine s(6).
2
Let t = 3 + 0. Suppose 0 = 3*m - 0*f - 4*f - 47, -t*f + 12 = 3*m. Suppose -4*h = -3*w - m, -2 - 1 = w - 3*h. Let g(j) = j + 4. Determine g(w).
1
Let p(z) = z**3 - 5*z**2 - 1. Let r(t) = -204*t - 7 + 2*t**2 - 10*t**3 + 193*t + 11*t**3. Let q be r(-4). Determine p(q).
-1
Let z(m) = 2*m**2 - 3*m + 1. Let b be (3 - (-19)/(-3)) + 6/(-9). Let j be 1/(b/(-48))*-1. Let d be (-3)/(-1)*(-8)/j. What is z(d)?
3
Let n(a) = -a. Let i(k) = -2*k - 1. Let h(l) = -i(l) + 3*n(l). Let s = 108 + -75. Let w = s - 31. Determine h(w).
-1
Let i(l) = -2*l**2 - 3*l - 1. Let f(r) = 10*r**2 + 16*r + 4. Let p(v) = 3*f(v) + 14*i(v). Let w be p(1). Let y(q) = q**3 - 6*q**2 - 2. Calculate y(w).
-2
Let v = 13/49 + 23/98. Let t(j) be the first derivative of 17 + 0*j**2 + 1/3*j**3 + 0*j - v*j**4. Determine t(-1).
3
Let o(f) be the second derivative of f**3/6 + 9*f**2/2 + 673*f. Determine o(-15).
-6
Let t(z) be the third derivative of 187*z**2 + 1/24*z**4 + 0*z + 7/3*z**3 + 0. Give t(0).
14
Let k be (111/(-74))/(1 - 6/4). Let m be 7 + 3*(-13)/k. Let s(d) = -d**3 - 6*d**2 + d + 5. Calculate s(m).
-1
Let o(h) be the first derivative of -h**3/3 + 11*h**2 + 22*h - 895. Give o(22).
22
Let s(u) = -u**3 - 6*u**2 + 10*u + 7. Suppose -20*d = -22*d + 14. Suppose -35 = -10*l + 15*l + 3*f, -l - d = f. Calculate s(l).
-14
Let z(d) = 2*d + 17. Let w be 46/(-253) - 123*1/(-11)*1. Determine z(w).
39
Let l(f) = f**2 - 7*f + 1. Let r(u) = -2*u**2 + 15*u - 1. Suppose 0 = 10*v + 19*v - 377. Let h(a) = v*l(a) + 6*r(a). Give h(0).
7
Let y(b) be the first derivative of -b**3 + 3*b**2/2 - b - 1093. Determine y(1).
-1
Suppose -2*i = 3*d + 42, -5*i - d - 61 = 44. Let h = 21 + i. Let a(c) be the first derivative of c**4/4 + c**3/3 - c**2/2 - 10*c - 2. Determine a(h).
-10
Let a(c) be the first derivative of c**4/4 - 3*c**3 + 4*c**2 + 12*c + 4286. Calculate a(7).
-30
Let a(z) = -z + 33. Let b be a(33). Let r(p) = -17 + 0*p + b*p + 18 + p. Determine r(4).
5
Let d = -2123 - -3564. Let t(h) = 0*h - d*h**2 - h - 2 + h**3 + 1435*h**2. Determine t(6).
-8
Let f be 0 - (1 - (-7)/(-1)). Let c(t) = -7*t + 3*t + 2*t**2 - t**2 + f. Let s(n) = -1188*n**2 + 13066*n + 26. Let q be s(11). Calculate c(q).
6
Suppose 5*u + c = 7*u - 1, -5*c = 5*u - 40. Suppose -d = 3*i + 2, 2*d - 6 = -u*i + 5*d. Let x(g) = 0 - 3 + 2 - g. Determine x(i).
-1
Let r(w) = -w**3 - 3*w**2 + 5*w - 1. Let m be -4 + 14/7 + (-183)/3. Let f = m + 59. Determine r(f).
-5
Let l(t) = -5*t - 9. Let r(s) = s**3 - 10*s**2 - 3*s - 61. Let v(h) = -3*h**3 + 19*h**2 + 5*h + 120. Let j(i) = 5*r(i) + 2*v(i). Let d be j(-12). Give l(d).
16
Let j = 5253 + -5247. Let m(q) be the second derivative of -4/3*q**3 + 0 - q**2 + 1/20*q**5 - 1/2*q**4 + j*q. Calculate m(7).
-9
Suppose -v = -0*v - 3*k + 8, -k + 4 = v. Let u(c) be the second derivative of c**5/20 - c**4/12 + c**3/3 - c**2/2 + 2*c + 549. What is u(v)?
1
Let k(h) = 12 - 3131*h**3 + 3130*h**3 - 10*h + 0*h + 5*h**2 + 4*h. Determine k(4).
4
Let d(f) = f**3 - 25*f**2 - 28*f + 63. Let x(o) = -6*o**3 + 67*o**2 - 13*o + 48. Let n be x(11). What is d(n)?
11
Let u(l) be the third derivative of -l**6/120 - l**5/20 - l**4/8 + 2*l**3/3 + 55*l**2 - 35. Give u(-5).
69
Let v = 31 - 6. Suppose -10 - v = -5*d. Let z(a) = -3*a + 6*a - a**3 - d*a + 2 + 5*a**2. What is z(2)?
6
Let t(o) = -2*o - 1. Let k(a) = 3*a + 2. Let j be 60/(-4)*1/3. Let c(x) = j*k(x) - 8*t(x). Suppose 6*b - 9*b = 6. What is c(b)?
-4
Let q(d) = d**3 - 7*d**2 - 2*d - 6. Suppose -50 = 9*z - 23. Let g(w) = 2*w**3 - 8*w**2 - 2*w - 6. Let l(s) = z*q(s) + 2*g(s). Calculate l(-5).
-4
Suppose 10*r + 154 - 1644 = 0. Suppose 4 = r*v - 147*v. Let d(h) = -3*h + 1. Determine d(v).
-5
Let d(p) = 7*p**3 - 79*p**2 + 17*p + 114. Let n(q) = -q**3 + 13*q**2 - 2*q - 19. Let c(m) = 2*d(m) + 13*n(m). What is c(-10)?
1
Let f(g) = g**3 + 14*g**2 - 11*g + 47. Let r be f(-15). Let s(j) = -12*j**2 - 15 - 2*j**2 - j**3 + 12*j + 0*j**2 - 6*j**2 + 8*j**2. Calculate s(r).
-2
Let f(q) = -3*q**2 + 8*q + 4. Let o(r) = 7*r**2 - 17*r - 9. Let h(t) = -5*f(t) - 2*o(t). Suppose 18*w = 1499 + 391. Suppose -109*d = -w*d - 28. Give h(d).
5
Suppose -c - 18 = -v - 12, -3*v - 5*c + 10 = 0. Let l(b) = -3*b**2 - 8. Let u(m) = -2*m**2 - m - 3. Let r(z) = v*u(z) - 3*l(z). Determine r(-7).
-5
Let s be 2 - (660/5)/2. Let d = 68 + s. Suppose f - d = -1. Let x(i) = -5*i - 2. What is x(f)?
-17
Let s(m) = 12*m - 3 + 5 + 1 + 0. Give s(0).
3
Let l(o) = 2*o**3 - 61*o**2 + 26*o - 95. Let j be l(30). Let g = 226 + j. Let f(y) = y**2 - 11*y + 3. Calculate f(g).
3
Suppose -4 = f + 4*c, 7*c = 6*c - 2. Let q(o) = o**3 - 2*o**2 - 9*o. Determine q(f).
-4
Suppose 0 = 18*o + 70 + 2. Let m(g) = g**2 + 8*g + 2. Let r(c) = c + 1. Let u(j) = m(j) - 6*r(j). Determine u(o).
4
Let f(x) = -x**3 - 25*x**2 + 23*x + 59. Let r be f(-26). Let t(z) = 304 - 8*z - 152 + z**2 - r. Calculate t(5).
0
Let a(w) = -3*w - 6. Let r = -363 - -371. Suppose -t + 15 - r = 0. Give a(t).
-27
Let b be (70/50)/(1 - 3/(-15)). Let r(w) be the second derivative of 0 + 1/12*w**4 + 7*w + b*w**3 + 1/2*w**2. Calculate r(-7).
1
Let y(h) be the first derivative of -h**2/2 - 7*h - 725. What is y(6)?
-13
Let x(u) = -4*u + 15. Suppose 0 = 2*o, 3*o - 25 = -4*p - p - 2*o. Calculate x(p).
-5
Let s(m) = -m**3 + 3*m**2 - m - 4. Let f = 53 + 26. Let c = 12